5).
47
Let w(t) = -t - 191. Give w(10).
-201
Let s(l) = -44*l**2 + 781*l + 38452. Give s(-22).
-26
Let x(t) = 2*t**3 + 56*t**2 + 99*t + 249. Calculate x(-26).
379
Let p(w) = -70*w**2 - 110*w - 43. Determine p(-4).
-723
Let j(n) = 2019*n + 30005. Give j(-15).
-280
Let m(p) = -2*p**2 - 301*p - 921. Determine m(-146).
393
Let v(k) = -8393*k + 3298430. Calculate v(393).
-19
Let h(i) = i**3 - 231*i**2 + 1553*i + 51505. Calculate h(223).
-8
Let u(o) = o**3 - 29*o**2 + 1924*o - 36837. Determine u(21).
39
Let i(m) = -3000*m + 234001. Determine i(78).
1
Let y(z) = -5*z**3 + 52*z**2 + 302*z - 3221. Calculate y(10).
-1
Let c(z) = z**3 - 277*z**2 + 301*z - 6907. Give c(276).
-7
Let g(v) = -215*v - 340. Determine g(-1).
-125
Let x(h) = 2226*h + 155803. Calculate x(-70).
-17
Let l(q) = -167490*q + 6. What is l(0)?
6
Let y(s) = 68549*s + 685484. Determine y(-10).
-6
Let t(u) = 160*u + 50275. Calculate t(-313).
195
Let p(i) = 29666*i + 148322. Determine p(-5).
-8
Let l(i) = -8017*i + 970068. Calculate l(121).
11
Let j(z) = z**2 - 253*z + 12535. Give j(69).
-161
Let m(a) = 75*a**3 - 958*a**2 - 302*a + 1047. What is m(13)?
-6
Let i(s) = 3*s**2 + 149*s + 894. What is i(-7)?
-2
Let t(a) = 2*a**3 + 56*a**2 - 1441*a - 1491. Determine t(17).
22
Let s(r) = 10*r**2 + 694*r - 1402. What is s(2)?
26
Let g(u) = -42760*u - 33. Determine g(0).
-33
Let r(k) = -3*k**3 - 33*k**2 - 51*k - 1041. Determine r(-12).
3
Let g(p) = -30*p**3 - 2017*p**2 - 473*p - 287. Calculate g(-67).
-19
Let c(k) = -3*k**3 + 627*k**2 + 621*k + 1942. Calculate c(210).
52
Let x(z) = -2*z**2 + 9395*z + 94153. Calculate x(-10).
3
Let m(i) = -3*i**2 - 624*i + 26576. Determine m(36).
224
Let s(b) = b**3 + 110*b**2 + 498*b + 54769. Give s(-110).
-11
Let p(n) = -4326718*n - 34613737. Calculate p(-8).
7
Let g(f) = 1180*f - 9985. Give g(8).
-545
Let w(h) = -4*h**3 + 2094*h**2 + 1082*h - 17816. Calculate w(524).
0
Let y(b) = -b**2 + 1526*b - 94963. Give y(65).
2
Let l(o) = 8001*o + 880115. Give l(-110).
5
Let u(z) = 486*z**3 - 58*z**2 - 97*z + 156. Calculate u(1).
487
Let p(a) = -a**2 - 115*a + 3005. Determine p(27).
-829
Let j(p) = -244*p - 3052. Determine j(-9).
-856
Let j(k) = k**2 - 2883*k + 1616238. What is j(762)?
36
Let a(t) = -t**3 - 2127*t**2 + 56018*t - 1047. Give a(26).
-7
Let o(y) = -36*y - 869. Give o(-66).
1507
Let q(f) = 21737*f - 5999419. What is q(276)?
-7
Let w(u) = u**3 + 69*u**2 + 840*u + 3846. Determine w(-55).
-4
Let v(y) = -y**2 - 186*y + 762. What is v(0)?
762
Let v(m) = -40203*m - 13. Give v(0).
-13
Let f(k) = -45*k**2 + 9983*k + 31947. Calculate f(225).
-3
Let t(r) = 6230*r + 143448. Give t(-23).
158
Let i(m) = -17*m**3 - 13*m**2 + 32*m + 180. What is i(-3)?
426
Let i(f) = 9*f**2 + 286*f + 556. What is i(-2)?
20
Let s(g) = -5*g**3 - 43*g**2 - 230*g - 1658. Determine s(-8).
-10
Let b(s) = 9*s**2 - 1912*s + 7416. Determine b(4).
-88
Let n(p) = -17246*p - 2759361. Calculate n(-160).
-1
Let g(d) = -458*d + 70547. Determine g(155).
-443
Let a(r) = r**3 + 733*r**2 + 72076*r + 471. Give a(-117).
3
Let j(w) = 3*w**2 + 523*w - 49200. Calculate j(-242).
-74
Let a(r) = 7*r**3 - 93*r**2 - 433*r + 21. Determine a(-5).
-1014
Let j(t) = -26*t**3 - 1494*t - 1493. What is j(-1)?
27
Let r(j) = -j**3 - 48*j**2 - 103*j + 603. Determine r(-45).
-837
Let c(p) = -1053*p + 122385. What is c(117)?
-816
Let d(v) = -3*v**3 + 106*v**2 - 80*v + 1629. Calculate d(35).
54
Let r(t) = 52692*t + 1264673. Give r(-24).
65
Let i(z) = -4*z**2 - 51*z + 451. Determine i(6).
1
Let u(s) = 2*s**3 + 105*s**2 + 175*s + 651. What is u(-51)?
-471
Let a(q) = 3025*q - 6066. Determine a(2).
-16
Let x(s) = 231*s**2 - 762*s - 2272. Calculate x(-3).
2093
Let h(q) = -q**3 + 56*q**2 - 730*q + 488. What is h(23)?
1155
Let h(p) = -2*p**3 - 15*p**2 + 21*p + 51. Calculate h(3).
-75
Let d(x) = -7*x**2 - 461*x + 2972. Give d(6).
-46
Let x(y) = 3056*y**2 + 21487*y + 7. Calculate x(-7).
-658
Let x(j) = 2393*j - 21492. What is x(9)?
45
Let p(b) = -3424*b - 85674. What is p(-25)?
-74
Let r(w) = -25897*w + 1268966. Give r(49).
13
Let i(v) = -5*v**3 + 93*v**2 + 661*v - 402. Determine i(24).
-90
Let m(h) = 8351*h - 225671. Give m(27).
-194
Let t(q) = -q**2 - 71*q + 659. What is t(11)?
-243
Let t(m) = 15*m**2 - 498*m - 932. What is t(35)?
13
Let y(x) = -10457*x + 62717. What is y(6)?
-25
Let v(t) = -4*t**2 - 52*t + 690. Give v(16).
-1166
Let d(b) = -297*b + 1977. What is d(6)?
195
Let j(f) = 664*f - 20007. Determine j(30).
-87
Let y(k) = -3*k**3 - 376*k**2 + 439*k + 70458. Determine y(-125).
-42
Let j(o) = -3725*o + 108753. What is j(29)?
728
Let p(x) = 3*x**3 - 312*x**2 + 2*x - 136. Give p(104).
72
Let m(c) = 1391*c + 133623. What is m(-96)?
87
Let w(s) = -69019*s + 414294. Give w(6).
180
Let i(l) = -2*l**2 + 175*l - 2121. What is i(72)?
111
Let o(q) = 2884*q - 473090. Give o(164).
-114
Let z(n) = -169*n**2 - 1681*n - 5034. What is z(-3)?
-1512
Let g(o) = 858*o + 50415. Calculate g(-59).
-207
Let h(o) = 6*o**3 + 3*o**2 - 739*o + 2960. Determine h(4).
436
Let s(v) = v**2 + 131*v + 3753. Determine s(-80).
-327
Let p(i) = -i**3 - 17*i**2 - 93*i - 1632. What is p(-18)?
366
Let y(b) = 5386*b - 16. Calculate y(0).
-16
Let w(x) = x**2 + 440*x + 17. Determine w(0).
17
Let y(v) = -14*v**2 + 781*v - 6439. Determine y(10).
-29
Let j(y) = -y**3 + 316*y**2 - 1864*y + 1232. Determine j(310).
-8
Let p(o) = 2*o**3 + 454*o**2 + 3536*o + 119. Calculate p(-8).
-137
Let b(h) = -h**3 + 35*h**2 + 112*h + 1480. Give b(38).
1404
Let g(f) = 13*f**2 - 130*f + 1219. Calculate g(18).
3091
Let h(m) = -3831*m - 19669. Give h(-5).
-514
Let c(q) = -7*q**2 - 2152*q + 73439. What is c(31)?
0
Let p(r) = -2*r**3 - 426*r**2 - 20572*r - 19. Give p(-74).
-19
Let c(q) = 2*q**3 + 14*q**2 + 39082*q + 78130. Calculate c(-2).
6
Let l(d) = 8*d**2 + 7030*d + 62625. What is l(-9)?
3
Let s(u) = 32*u**2 + 839*u + 23. Give s(-27).
698
Let n(i) = -3*i**2 - 7*i + 816. Determine n(-18).
-30
Let u(m) = -31426*m + 502707. What is u(16)?
-109
Let w(v) = -2*v**3 - 241*v**2 + 111*v - 1315. Calculate w(-121).
-105
Let a(r) = -123*r**2 + 39979*r - 1248. Give a(325).
52
Let o(d) = -10*d**2 - 1980*d + 8085. Calculate o(-202).
5
Let q(n) = 804*n + 93286. Calculate q(-116).
22
Let g(a) = -3589*a - 24444. Give g(-7).
679
Let f(b) = 76*b - 597. Calculate f(2).
-445
Let p(n) = -3*n**2 - 1363*n - 44029. Calculate p(-35).
1
Let u(h) = -6*h**2 + 82*h + 433. What is u(-4)?
9
Let q(k) = 15510*k**2 - 93044*k + 8. What is q(6)?
104
Let n(z) = 334*z - 208. Give n(2).
460
Let w(n) = 42*n**3 + 28*n**2 - 5*n - 34. Give w(-1).
-43
Let a(q) = -q**3 + 22*q**2 - 193*q + 834. Give a(11).
42
Let s(d) = -524*d - 137249. What is s(-262)?
39
Let n(m) = -882*m - 3537. Determine n(-5).
873
Let f(t) = -16*t**2 - 656*t - 4649. Give f(-7).
-841
Let l(x) = -282*x**3 - 53*x**2 - 9*x + 62. Give l(1).
-282
Let r(d) = d**3 - 16*d**2 + 32*d + 61. Determine r(13).
-30
Let p(q) = -15633*q + 1813420. What is p(116)?
-8
Let s(p) = -11831*p + 201125. Give s(17).
-2
Let u(g) = -943*g + 1658. Give u(2).
-228
Let r(u) = u**3 - 152*u**2 + 4819*u + 5447. Calculate r(47).
-5
Let s(o) = 214*o - 1190. Determine s(-18).
-5042
Let x(q) = q**3 - 20*q**2 + 60*q + 152. Calculate x(16).
88
Let x(p) = -2680*p - 60056. Give x(-24).
4264
Let v(b) = 4*b**3 - 322*b**2 + 1078*b + 6. What is v(77)?
6
Let m(h) = h**3 - 291*h**2 - 4915*h + 773. Give m(307).
-148
Let s(n) = 395*n**2 + 31600*n - 2. Determine s(-80).
-2
Let p(w) = -602695*w + 3013482. Determine p(5).
7
Let r(o) = o**3 - 14*o**2 + 3*o + 171. Determine r(-4).
-129
Let m(d) = -d**3 - 287*d**2 - 1696*d - 19. What is m(-6)?
41
Let k(i) = i**3 + 21*i**2 + 112*i + 118. Determine k(-6).
-14
Let x(z) = -z**3 - 31*z**2 - 235*z - 513. Give x(-6).
-3
Let y(k) = -326*k**3 + 8*k**2 - 20*k + 18. Calculate y(2).
-2598
Let k(y) = -y**2 - 14874*y - 133830. What is k(-9)?
-45
Let y(b) = -19*b**3 + 11*b**2 + 268*b - 1446. Calculate y(5).
-2206
Let r(u) = -1279*u**2 + 8964*u - 77. Determine r(7).
0
Let g(j) = 627*j**2 + 421*j - 207. Calculate g(-1).
-1
Let g(j) = 17*j**2 + 4666*j + 28048. Calculate g(-6).
664
Let w(d) = -d**2 - 201*d + 72028. What is w(-387)?
46
Let t(c) = -1698*c + 81560. Determine t(48).
56
Let v(z) = 4332*z - 8289. Give v(2).
375
Let v(l) = 9*l**3 + 953*l**2 + 852*l + 1256. Determine v(-105).
-4
Let u(j) = 